lculate the remainder when -5*1/((-3)/9) is divided by v.
6
Suppose -5*p + 4 = -6. Suppose -2*w = p*w - 16. Suppose -5*c = -w*k + 12 - 197, 5*c + 4*k - 185 = 0. What is the remainder when c is divided by 19?
18
Suppose 5*i = -20, 4*p + 2*i = i + 84. What is the remainder when 63 is divided by p?
19
Let d(y) = -y + 4. Suppose 2*i + 6 = i. Suppose 0 = 2*b - 7*b + 95. What is the remainder when b is divided by d(i)?
9
Suppose -140*t + 141*t - 41 = 0. Calculate the remainder when 102 is divided by t.
20
Let x be 2/2 + 7/1. Suppose -2*v + 28 = -x. Calculate the remainder when 53 is divided by (-45)/v*(-28)/5.
11
Let m(z) = 139*z**2 + 2*z + 2. Calculate the remainder when m(2) is divided by 23.
10
Let r be 2/((-3 + -5)/(-4)). Suppose -m - m = -3*q - 8, -3*q = 2*m + 4. What is the remainder when 22 is divided by r/m + 9 + -2?
6
Calculate the remainder when (18/(-15))/(-6*(-6)/(-2220)) is divided by 41.
33
Suppose 3*f = 4*l + 121, -4*l - 7 = -3. What is the remainder when 658 is divided by f?
34
Let g(y) = y**3 + 5*y**2 + 3*y + 4. Let c = -10 + 5. Let u = c + 9. What is the remainder when g(-3) is divided by u?
1
Let j = 58 + -51. Suppose -o + 4*o + 5*w = 79, -o - 3*w = -33. What is the remainder when o is divided by j?
4
Suppose y = -4*l + 1, -4*y + 0*y = 3*l - 4. Let f = l + 3. Calculate the remainder when (-25)/(-20) - 135/(-20) is divided by f.
2
Suppose m = -5*g - 61, 3*m + 229 = -g + 46. Let b = m + 104. Suppose 2*h - h = b. What is the remainder when h is divided by 22?
21
Let h be 1 - -1 - 6/9*3. Let l(c) = c**2 + 19. Calculate the remainder when 36 is divided by l(h).
17
Let n = 36 - 34. Calculate the remainder when 155 is divided by 4*(-40)/(-16) - (-6)/n.
12
Suppose 120 = -13*h + 21*h. What is the remainder when 41 is divided by h?
11
Let t be 51 + 0 + 2/2. Let r = 32 + t. What is the remainder when r is divided by 43?
41
Let z = -16 - -13. Let h be ((-40)/(-4) - 2)*z. What is the remainder when 12/3*(-402)/h is divided by 17?
16
Calculate the remainder when 7 - (-1738)/33 - 1/(-3) is divided by 33.
27
Let o = 50 - 47. Let k(u) = u**3 - 3*u - 4. Calculate the remainder when k(o) is divided by 4.
2
Let o(a) = 14*a**2 - 5*a + 13. Suppose q + 5*z - 11 = 7, 4*z + 20 = 0. Calculate the remainder when o(3) is divided by q.
38
Let l(j) = 32*j**3. Let w(m) = 2*m**3 + 10*m**2 - 17*m - 5*m**3 - 1 + 10*m + 2*m**3. What is the remainder when l(1) is divided by w(9)?
15
Let j(z) = 2*z**3 + 3*z**2. Calculate the remainder when 166 is divided by j(2).
26
Calculate the remainder when (-62 - -61)/(2 + (-58)/28) is divided by 7.
0
Let b(t) = t**2 - 12*t - 27. Let s be b(15). Suppose -u + s + 30 = 0. Calculate the remainder when 94 is divided by u.
46
Calculate the remainder when 294 is divided by (-40 + 34)*(399/(-18) + -4).
137
Let z(p) = 2*p - 3. Let j be z(4). Let s = -66 - -69. Let b = j - s. What is the remainder when b is divided by 2?
0
Let f(c) be the third derivative of -c**6/120 - 13*c**5/60 + c**3 - 39*c**2. Calculate the remainder when 46 is divided by f(-13).
4
Suppose 18 = 2*m + 3*d + 8, 0 = m + 4*d - 10. Suppose 90*z - 92*z - 5*q = -14, 0 = q - 2. Calculate the remainder when z is divided by m.
0
Suppose 27*y = 31*y - 292. Calculate the remainder when 153 is divided by y.
7
Suppose 2*q + 6 = 4*u, 0*q - 5*q + 4*u = -3. Suppose g + 2*g - 207 = -q*c, g + 4*c = 60. Calculate the remainder when g is divided by 37.
35
Calculate the remainder when 180 is divided by (-8)/(-96)*16*222/8.
32
Suppose -4*a - 46 = -3*g, 3*g - 51 = -0*a + 3*a. Calculate the remainder when 57 is divided by g + (-2 - (-4 - -4)).
17
Let g = 123 + -114. Calculate the remainder when 21 is divided by g.
3
Suppose -3*f - 4*f = -21. Suppose -28 = -10*q + 2. Calculate the remainder when q is divided by f.
0
Let w be (4/6)/(6/36). Suppose 0 = w*i - 7 - 13. Suppose 3 - 58 = -i*c. What is the remainder when 19 is divided by c?
8
Let x(s) = s - 3. Let h be x(6). Suppose 2*o - 27 = h*j, -2*o = -3*o - 3*j. Let z = 2641 + -2606. Calculate the remainder when z is divided by o.
8
Let m(w) = w + 12. Suppose -a - 1 = 0, -4*a = t - 2*a + 6. Calculate the remainder when 23*(-2 + 3)/1 is divided by m(t).
7
Let m(i) be the first derivative of -i**3/3 - 29*i**2/2 - 30*i + 40. Calculate the remainder when m(-20) is divided by 22.
18
Let h be (2/(-1) - -5) + 0. Suppose 3 = x - 5*r - 2, 0 = -r + 1. Calculate the remainder when h/9*(115 + 2) is divided by x.
9
Let f = 1504 - 667. What is the remainder when f is divided by 60?
57
Let g(a) = 4*a**2 - 3*a - 8. What is the remainder when 180 is divided by g(-3)?
32
Suppose -3*l + 46 = 4*k + 2*l, 42 = 4*k + 3*l. Let x = 74 - k. Let m = -16 - -33. Calculate the remainder when x is divided by m.
14
Let g(p) = 3*p - 10. Let s be g(4). Let m be (1 + -1 + -3)*-22. Suppose 0*q = s*q - m. What is the remainder when q is divided by 12?
9
Let v = 4 + -2. Suppose -v*t + 4*t - 14 = 0. Calculate the remainder when t + 2 - 2*1 is divided by 4.
3
What is the remainder when 79 is divided by (720/4)/(-10)*8/(-6)?
7
Let r be 3606/30 - 2/10. Suppose 0 = -3*m - 3*m + r. Calculate the remainder when 52 is divided by m.
12
Suppose 3*j + 5*o = -j + 63, 0 = -2*j + 4*o + 12. Let y(z) = -3*z + 4. What is the remainder when y(-14) is divided by j?
10
Suppose 2*y - 8 = 2, 74 = b - y. Calculate the remainder when b is divided by 14.
9
Suppose -328*a + 22325 = -309*a. Calculate the remainder when a is divided by 38.
35
Suppose 9 = t + 3*o, 5*t = 2*o + 3*o + 65. Suppose 26*u - 171 = 23*u. What is the remainder when u is divided by t?
9
Let l(r) = -65*r - 15. Let d(q) = 33*q + 8. Let h(c) = -5*d(c) - 3*l(c). What is the remainder when h(2) is divided by 34?
31
Suppose -42 - 2338 = -35*z. Calculate the remainder when 334 is divided by z.
62
Suppose -15 = -2*f + 11. Let x = f - -6. Calculate the remainder when 93 is divided by x.
17
Let o(m) = 10*m + 23. Let c be o(-6). Let x = c - -50. Calculate the remainder when 49 is divided by x.
10
Suppose 2*z - y - 7 = 0, -20 + 3 = -5*z + 3*y. Let b(x) = 12*x**2 - 1. Let p be (-2 - (0 + -1))/(-1). Calculate the remainder when b(p) is divided by z.
3
Let c(z) = z**2 - z + 21. Calculate the remainder when c(5) is divided by 15.
11
Let j be 1 + 2*(0 + (-21)/6). Let r = 18 - j. Calculate the remainder when 117 is divided by r.
21
Let l = -6 - -7. Let f = l - 9. Calculate the remainder when 34 is divided by f/(-28) + (-122)/(-14).
7
Let s(k) = -4*k**2 - 8*k + 10. Let q be s(-7). What is the remainder when (q - -3)/((-3)/(5 + -2)) is divided by 32?
31
Let f(b) = -7*b**3 + 0*b**2 + 0*b**2. Let a(k) = 29*k - 2028. Calculate the remainder when a(71) is divided by f(-1).
3
Let r(v) = v - 1. Let n(q) = -4*q + 4. Let j(w) = 2*n(w) + 14*r(w). Suppose -32 = 6*g - 14*g. What is the remainder when j(g) is divided by 10?
8
What is the remainder when 99 is divided by 74/4*1 + (-42)/28?
14
Let b = 277 + -252. What is the remainder when 123 is divided by b?
23
Let w = -848 - -1119. What is the remainder when w is divided by 48?
31
Let m be 585/(-10)*4/(-6). Let h = -5 + m. What is the remainder when h is divided by 6?
4
Let d(s) = 4*s**2 - 32*s - 23. What is the remainder when d(11) is divided by 14?
11
Let k = -649 + 687. What is the remainder when 378 is divided by k?
36
Let f = -31 + 130. Let m(u) = 2*u**2 - 12*u + 12. Let s be m(4). Calculate the remainder when f is divided by (7 - (0 - s)) + 11*2.
24
Let d = -592 - -637. What is the remainder when d is divided by 13?
6
Suppose u + 2*i = 67, 0*u = 3*u + 4*i - 195. Suppose 3*x + 8 = 5*x. Let z = x + 17. Calculate the remainder when u is divided by z.
19
Let y = -44 - -46. Suppose -y*g = -g - 27. What is the remainder when 38 is divided by g?
11
Let a be 61 - (-7)/(21/6). Let z = -337 + a. What is the remainder when z/(-8) + (-15)/(-20) is divided by 18?
17
Let g(m) be the first derivative of 2*m**2 - 5*m + 2. Let p = -9 - -18. What is the remainder when g(p) is divided by 11?
9
Suppose 0 = 5*i + 3 - 13. Suppose -t - 15 = 3*d - 4*d, 0 = 5*d - i*t - 63. Suppose 33*s + 40 = 35*s. Calculate the remainder when s is divided by d.
9
Let c = -220 - -317. Suppose c = 15*h - 23. Calculate the remainder when 28 is divided by h.
4
Let x = -24 + 16. Let j(z) = z**2 + 6*z - 7. Let g be j(x). Calculate the remainder when 0 - 